e greatest common divisor of 5291885 and 20.
5
Calculate the highest common divisor of 200367 and 5781.
123
Calculate the greatest common factor of 9 and 3872509893.
9
What is the highest common factor of 200 and 5396925?
25
Calculate the highest common divisor of 142158 and 10165950.
3306
What is the highest common factor of 102285 and 40680?
45
What is the greatest common factor of 2654 and 255224564?
2654
What is the highest common factor of 6362285 and 1395?
155
Calculate the greatest common divisor of 13376055 and 1925.
385
Calculate the greatest common divisor of 5248568 and 13952.
872
Calculate the greatest common factor of 8610 and 52046220.
1230
Calculate the greatest common divisor of 184704 and 163059.
1443
What is the highest common divisor of 92310 and 10?
10
Calculate the highest common divisor of 5186335 and 3211285.
7315
What is the greatest common divisor of 98 and 34050506?
14
What is the highest common factor of 18394 and 15504?
34
Calculate the greatest common divisor of 28175 and 11225.
25
Calculate the greatest common divisor of 53712 and 9585354.
2238
What is the highest common factor of 42 and 7063168?
14
What is the greatest common divisor of 123968 and 301576?
1192
Calculate the highest common divisor of 19057710 and 7770.
210
Calculate the greatest common factor of 27276032 and 1240.
248
Calculate the greatest common factor of 71795 and 1040405.
415
Calculate the greatest common factor of 21847820 and 640.
20
What is the greatest common divisor of 55924000 and 10000?
2000
Calculate the highest common factor of 32826486 and 11.
11
What is the highest common divisor of 8743768 and 5092?
268
What is the greatest common factor of 36976835 and 140?
35
Calculate the greatest common divisor of 6964602 and 95.
19
What is the highest common divisor of 2238 and 270762?
6
What is the highest common factor of 4242 and 507334716?
4242
What is the highest common divisor of 19045 and 28600?
65
What is the highest common factor of 544 and 108972?
4
What is the highest common divisor of 14531839 and 1503?
167
What is the highest common divisor of 42665784 and 3570?
714
Calculate the greatest common factor of 71 and 20341287.
71
What is the greatest common divisor of 13035 and 1264989?
33
What is the greatest common factor of 26993468 and 36?
4
Calculate the greatest common divisor of 333220 and 2540.
20
What is the greatest common divisor of 249540 and 4065?
15
Calculate the greatest common divisor of 1016138592 and 8064.
2016
Calculate the greatest common factor of 15644 and 97.
1
What is the greatest common divisor of 501 and 40209592?
167
What is the greatest common factor of 139227189 and 1443?
111
Calculate the highest common divisor of 22168 and 3915586.
326
Calculate the greatest common factor of 4719 and 56121.
39
What is the greatest common factor of 1102 and 508138?
58
Calculate the highest common divisor of 196 and 13162044.
28
Calculate the greatest common divisor of 162695134 and 238.
238
Calculate the greatest common divisor of 117965813 and 1330.
133
Calculate the highest common factor of 6 and 406750881.
3
Calculate the greatest common divisor of 5800 and 2892460.
580
What is the greatest common divisor of 64 and 86236736?
64
Calculate the highest common divisor of 474 and 10658285.
79
What is the greatest common divisor of 459499 and 5463?
607
What is the greatest common factor of 1194 and 50349189?
597
What is the greatest common factor of 159983 and 20253?
157
What is the highest common divisor of 806 and 1164640984?
806
What is the highest common factor of 742 and 289741354?
742
Calculate the highest common factor of 180 and 43882230.
30
Calculate the highest common divisor of 12 and 112173456.
12
Calculate the highest common divisor of 236769345 and 36.
9
Calculate the highest common divisor of 127 and 774367641.
127
Calculate the greatest common divisor of 264 and 95815984.
88
What is the highest common factor of 163262 and 5225286?
902
What is the greatest common factor of 6308 and 73739?
19
What is the greatest common divisor of 162553904 and 3048?
1016
What is the highest common divisor of 280410 and 1556635?
3595
Calculate the greatest common factor of 192 and 941046.
6
Calculate the highest common divisor of 88 and 10301764.
44
What is the greatest common factor of 1331 and 350586731?
1331
What is the greatest common divisor of 26981 and 572?
1
What is the highest common divisor of 5243 and 886802?
49
Calculate the highest common divisor of 272 and 3543208.
136
What is the greatest common factor of 466397 and 12?
1
Calculate the greatest common divisor of 8410532 and 52.
52
What is the highest common factor of 136 and 2893944?
136
Calculate the highest common factor of 5468451 and 17874.
993
What is the greatest common factor of 156 and 615732?
156
Calculate the highest common divisor of 193879 and 371.
7
What is the greatest common factor of 352220322 and 226?
226
Calculate the highest common factor of 3140909 and 6289.
19
Calculate the greatest common divisor of 6670 and 580.
290
Calculate the greatest common factor of 90 and 27557838.
18
Calculate the greatest common divisor of 36031261 and 1.
1
Calculate the highest common factor of 66910104 and 81.
27
Calculate the greatest common divisor of 1862663 and 180601.
313
What is the greatest common divisor of 12 and 11054977?
1
Calculate the greatest common divisor of 34192 and 28.
4
Calculate the greatest common factor of 673 and 2643.
1
Calculate the highest common factor of 236804 and 4.
4
Calculate the greatest common factor of 12239566 and 174.
58
Calculate the highest common factor of 4582 and 5815980.
158
What is the highest common divisor of 200 and 68145100?
100
Calculate the highest common factor of 14987902 and 908.
454
Calculate the greatest common factor of 3100 and 226700.
100
What is the highest common divisor of 19413030 and 547?
547
What is the highest common factor of 284 and 24011774?
142
What is the highest common divisor of 20965 and 26495?
35
Calculate the greatest common factor of 4071 and 1471047.
177
Calculate the greatest common factor of 9614 and 2563902.
506
Calculate the highest common divisor of 7622438 and 344.
86
What is the highest common divisor of 147973707 and 2408?
301
Calculate the highest common factor of 11168 and 54326387.
349
What is the highest common factor of 1156 and 6055944?
68
What is the highest common divisor of 49589556 and 336108?
9084
What is the greatest common factor of 1836 and 29556846?
918
What is the highest common factor of 89 and 2737017?
89
Calculate the highest common factor of 70060 and 130820.
620
What is the greatest common divisor of 10794 and 7520334?
1542
Calculate the highest common divisor of 17995 and 14620790.
295
Calculate the highest common divisor of 147473925 and 82.
41
What is the highest common factor of 253060972 and 388?
388
Calculate the greatest common factor of 304 and 240246184.
152
Calculate the highest common divisor of 207 and 243041069.
23
What is the greatest common factor of 25226322 and 1815?
363
What is the greatest common divisor of 451994 and 4234?
58
What is the highest common factor of 1719449 and 170015?
919
What is the highest common factor of 111936 and 141616?
848
What is the greatest common factor of 14848616 and 2024?
184
Calculate the greatest common divisor of 2065220 and 11687.
31
Calculate the greatest common factor of 19270 and 18410.
10
Calculate the greatest common factor of 135886 and 14.
2
What is the greatest common divisor of 7528906 and 539?
77
What is the greatest common factor of 76604545 and 5?
5
Calculate the highest common factor of 377 and 30753021.
377
Calculate the highest common factor of 20240 and 461035.
115
Calculate the greatest common factor of 12815692 and 644.
92
Calculate the greatest common divisor of 21505235 and 35.
5
What is the highest common divisor of 196667128 and 154?
14
What is the highest common factor of 7872 and 2968072?
328
What is the greatest common factor of 31178395 and 33745?
1985
Calculate the highest common divisor of 47961 and 9.
9
What is the greatest common divisor of 60445 and 45093540?
785
What is the highest common divisor of 248515 and 7222?
23
Calculate the greatest common divisor of 21481591 an